on divisor of 7800376 and 176.
8
Calculate the greatest common factor of 133 and 14000245.
133
What is the highest common divisor of 17160 and 2043912?
312
Calculate the greatest common divisor of 132167 and 2688511.
1673
What is the highest common divisor of 234 and 59484438?
234
What is the greatest common divisor of 6317036 and 28?
4
Calculate the highest common factor of 81 and 78558.
3
What is the highest common factor of 30776 and 1072?
8
Calculate the highest common factor of 2737 and 130305833.
2737
What is the highest common divisor of 9798 and 7328674?
46
What is the greatest common divisor of 28370287 and 418?
209
What is the greatest common divisor of 7931770 and 360?
10
What is the highest common factor of 848 and 133539408?
16
What is the highest common factor of 7608 and 445716582?
1902
What is the highest common factor of 310 and 40514030?
10
Calculate the highest common divisor of 16050 and 34799610.
3210
Calculate the greatest common factor of 308924 and 186494.
154
Calculate the greatest common factor of 350 and 1008980.
70
What is the greatest common divisor of 708980391 and 378?
189
Calculate the greatest common factor of 285 and 31327656.
57
What is the highest common divisor of 2730125 and 2750?
125
Calculate the greatest common divisor of 1064331591 and 141.
141
Calculate the highest common divisor of 9 and 7737858.
9
Calculate the greatest common divisor of 1296 and 1266848.
16
What is the greatest common factor of 80 and 645037620?
20
Calculate the greatest common divisor of 201935440 and 168.
56
Calculate the highest common divisor of 83269827 and 1062.
531
What is the greatest common divisor of 388 and 110356900?
388
Calculate the greatest common factor of 15731031 and 4551.
111
Calculate the highest common factor of 67890 and 296050.
310
Calculate the greatest common divisor of 46912 and 78848.
64
What is the greatest common factor of 46057824 and 18?
18
Calculate the greatest common divisor of 192 and 1230342816.
96
What is the highest common divisor of 10 and 4440085?
5
What is the greatest common factor of 1375 and 12978875?
125
What is the greatest common divisor of 1793909 and 52?
13
What is the highest common factor of 356343576 and 137?
137
What is the highest common factor of 1241244 and 804?
12
What is the highest common factor of 316888 and 1738?
22
What is the greatest common divisor of 144 and 6377952?
48
What is the greatest common factor of 297 and 247951?
11
What is the highest common factor of 36744606 and 36?
18
What is the highest common factor of 390 and 53504310?
30
What is the greatest common factor of 515790 and 7825941?
4689
Calculate the greatest common divisor of 80661 and 3696879.
501
Calculate the highest common divisor of 8 and 130831700.
4
Calculate the highest common divisor of 1173 and 4573987.
23
Calculate the greatest common divisor of 7302510 and 369.
369
What is the highest common divisor of 3 and 401601?
3
Calculate the highest common divisor of 4797 and 6647004.
117
Calculate the greatest common divisor of 530 and 8912215.
265
Calculate the highest common factor of 568 and 5163688.
568
What is the highest common divisor of 846670261 and 3026?
1513
Calculate the greatest common factor of 30 and 1288092285.
15
Calculate the highest common factor of 88753 and 2671179.
2863
What is the highest common divisor of 24530 and 6332?
2
Calculate the greatest common divisor of 2654 and 66338057.
1327
What is the highest common divisor of 5 and 104955?
5
Calculate the highest common factor of 4760 and 211372.
28
What is the highest common divisor of 188 and 40139692?
188
What is the highest common factor of 208494 and 3311022?
858
Calculate the highest common divisor of 49137 and 162301.
1489
What is the greatest common divisor of 3094797 and 3471?
267
What is the greatest common factor of 1155 and 67970265?
165
What is the highest common factor of 7211070 and 80?
10
Calculate the highest common factor of 6505068 and 447432.
1236
What is the greatest common divisor of 105 and 4354?
7
What is the greatest common factor of 1271 and 2513997?
41
What is the highest common divisor of 126 and 82632074?
14
What is the highest common divisor of 128242480 and 345?
115
Calculate the highest common factor of 43814 and 41021.
19
What is the highest common factor of 115 and 9654055?
5
Calculate the greatest common divisor of 2972 and 117255059.
743
Calculate the greatest common factor of 1805763 and 369.
123
Calculate the greatest common factor of 1925476 and 24.
4
Calculate the greatest common divisor of 55 and 5803996.
11
Calculate the greatest common divisor of 5807527 and 55063.
3239
What is the greatest common divisor of 6 and 227544843?
3
What is the highest common factor of 125259094 and 763?
109
Calculate the highest common factor of 4092084 and 333324.
7092
Calculate the highest common divisor of 114258 and 51375.
411
Calculate the greatest common factor of 84 and 99900332.
28
Calculate the highest common factor of 4655837 and 164.
41
What is the greatest common factor of 280780 and 86180?
2780
What is the greatest common factor of 76 and 16359684?
76
What is the greatest common factor of 220 and 5045315?
55
Calculate the greatest common divisor of 26774990 and 18354.
874
Calculate the greatest common factor of 58777 and 2365497.
1109
Calculate the greatest common divisor of 7116 and 30480.
12
Calculate the highest common factor of 2161683 and 54407.
1327
Calculate the greatest common divisor of 1004 and 334613371.
251
Calculate the greatest common factor of 143 and 334213.
11
What is the greatest common divisor of 3432 and 194623?
143
Calculate the highest common factor of 840 and 7125790.
70
What is the highest common divisor of 3951 and 5197321?
439
Calculate the highest common factor of 795326096 and 2272.
1136
What is the greatest common factor of 35960 and 528240?
1240
Calculate the highest common divisor of 7595558 and 31.
31
What is the greatest common divisor of 3267 and 1141344?
27
Calculate the highest common divisor of 8711 and 264244.
31
What is the highest common divisor of 1469526165 and 405?
135
What is the greatest common divisor of 34 and 21380067?
17
What is the highest common divisor of 879 and 22791?
3
Calculate the highest common divisor of 17948889 and 18207.
1071
What is the highest common factor of 271982 and 15774?
478
Calculate the highest common divisor of 6600 and 6972075.
825
What is the greatest common divisor of 535316 and 703?
37
What is the greatest common factor of 512050 and 4910094?
1862
Calculate the highest common factor of 48314638 and 50518.
3886
Calculate the highest common divisor of 156830168 and 1738.
1738
Calculate the greatest common factor of 10278265 and 505.
505
What is the greatest common factor of 781 and 437786?
71
What is the greatest common divisor of 259 and 279255095?
259
What is the highest common factor of 155014 and 222562?
866
Calculate the greatest common divisor of 324130383 and 81.
27
What is the highest common divisor of 1518 and 3952146?
66
Calculate the highest common divisor of 4800951 and 11799.
621
What is the highest common divisor of 15260784 and 770?
154
Calculate the greatest common factor of 448400 and 1213150.
950
Calculate the highest common divisor of 7366 and 88508.
58
What is the greatest common factor of 6 and 1678918?
2
What is the greatest common factor of 5633 and 1553891?
43
What is the highest common factor of 244131 and 418?
19
What is the highest common factor of 245632 and 143488?
2432
Calculate the highest common divisor of 9665 and 22057463.
1933
Calculate the greatest common divisor of 236768 and 111328.
1568
What is the greatest common divisor of 30524 and 509236?
52
What is the highest common factor of 152904 and 83214?
138
Calculate the greatest common divisor of 8 and 12301768.
8
Calculate the highest common factor of 11200 and 95488400.
2800
Calculate the greatest common factor of 1340206 and 98658.
406
Calculate the greatest common factor of 2834535 and 3795.
165
Calculate the highest common factor of 43904 and 753536.
896
Calculate the greatest common factor of 6205215 and 10.
5
Calculate the highest common divisor of 13131 and 36466246.
1459
What is the highest common divisor of 26383457 and 